mmon factor of 957125 and 1767.
589
Calculate the highest common factor of 82854 and 36.
18
What is the highest common factor of 95277 and 3549?
273
Calculate the greatest common factor of 250021 and 209.
19
Calculate the highest common factor of 343168 and 40320.
896
Calculate the highest common divisor of 2575 and 1025.
25
What is the highest common factor of 1719 and 13059?
9
What is the greatest common divisor of 736 and 18272?
32
Calculate the highest common factor of 850 and 7990.
170
What is the highest common divisor of 42 and 1265988?
6
What is the highest common factor of 865670 and 650?
130
Calculate the highest common factor of 2079112 and 98.
14
What is the highest common divisor of 766 and 1387226?
766
Calculate the highest common factor of 67900 and 1746.
194
Calculate the greatest common divisor of 150 and 551550.
150
Calculate the greatest common divisor of 646 and 39729.
323
Calculate the greatest common factor of 3360073 and 41.
41
What is the greatest common divisor of 24 and 46712?
8
What is the greatest common factor of 594285 and 75?
15
What is the highest common factor of 21717 and 266319?
1143
Calculate the greatest common factor of 23005 and 1605.
535
What is the highest common factor of 509210 and 130?
130
Calculate the greatest common factor of 5798 and 19178.
446
Calculate the highest common divisor of 11980 and 5260.
20
What is the greatest common factor of 31654 and 17765?
323
What is the greatest common divisor of 149340 and 171?
57
Calculate the greatest common factor of 48050 and 30.
10
What is the highest common factor of 854 and 7564?
122
What is the highest common divisor of 910 and 4431?
7
Calculate the highest common divisor of 28977 and 65.
13
Calculate the highest common divisor of 186 and 43266.
6
Calculate the greatest common divisor of 28324 and 1022.
146
Calculate the greatest common divisor of 124 and 61349.
31
What is the greatest common factor of 131115 and 645?
15
Calculate the greatest common divisor of 3182 and 16856.
86
What is the greatest common divisor of 642194 and 294?
98
Calculate the greatest common factor of 123768 and 2160.
216
Calculate the greatest common divisor of 266168 and 1164.
388
Calculate the highest common divisor of 404 and 774064.
404
What is the greatest common factor of 2166588 and 27?
27
Calculate the highest common divisor of 7 and 1519441.
7
What is the highest common divisor of 40 and 3713256?
8
What is the highest common factor of 500546 and 2354?
214
What is the highest common divisor of 1350 and 32643?
27
Calculate the highest common divisor of 207480 and 320.
40
Calculate the greatest common divisor of 360 and 186795.
45
What is the greatest common divisor of 606 and 11211?
303
What is the greatest common divisor of 5658 and 37146?
246
Calculate the highest common divisor of 149290 and 70.
10
Calculate the greatest common factor of 18391 and 3445.
53
What is the greatest common factor of 28 and 11221?
7
Calculate the highest common factor of 408 and 89556.
204
Calculate the greatest common factor of 1505163 and 561.
561
What is the greatest common divisor of 4503695 and 105?
35
Calculate the greatest common divisor of 558 and 201562.
62
What is the greatest common divisor of 31 and 2207?
1
What is the greatest common divisor of 5562 and 50676?
618
What is the highest common factor of 210 and 542535?
105
What is the highest common factor of 102 and 23154?
102
What is the greatest common divisor of 37449 and 551?
19
What is the greatest common divisor of 720 and 4778880?
240
Calculate the highest common factor of 1484 and 15264.
212
Calculate the highest common divisor of 20 and 213848.
4
What is the greatest common factor of 68170 and 680?
170
Calculate the greatest common factor of 1579562 and 258.
86
What is the greatest common divisor of 35580 and 96?
12
What is the highest common divisor of 5181080 and 40?
40
Calculate the greatest common divisor of 14364 and 4428.
108
Calculate the greatest common factor of 46 and 1093259.
23
Calculate the greatest common divisor of 441 and 191296.
49
Calculate the highest common divisor of 2065 and 58115.
295
Calculate the highest common divisor of 192 and 23928.
24
Calculate the highest common factor of 120559 and 4929.
31
Calculate the highest common factor of 10912 and 549692.
1364
Calculate the greatest common factor of 18680 and 200.
40
What is the highest common divisor of 127116 and 49896?
1188
Calculate the greatest common factor of 12532 and 1612.
52
Calculate the highest common factor of 31595 and 178.
89
Calculate the greatest common divisor of 176767 and 47.
47
What is the highest common divisor of 826 and 8549926?
826
What is the greatest common factor of 32395 and 131347?
589
What is the greatest common factor of 12 and 435756?
12
Calculate the highest common factor of 1980 and 79020.
180
Calculate the highest common divisor of 35642 and 4518.
502
What is the highest common divisor of 39 and 1921244?
13
What is the greatest common factor of 20 and 126840?
20
Calculate the highest common divisor of 42 and 963249.
21
What is the highest common divisor of 120190 and 1919?
101
What is the highest common divisor of 185196 and 462?
66
What is the highest common divisor of 113071 and 406?
203
What is the highest common divisor of 212387 and 42?
7
Calculate the greatest common factor of 2 and 21778.
2
Calculate the highest common factor of 1863 and 2277.
207
What is the highest common divisor of 7535 and 2068?
11
Calculate the highest common divisor of 138 and 43194.
138
Calculate the highest common factor of 176751 and 18.
9
Calculate the greatest common divisor of 150920 and 56.
56
Calculate the highest common factor of 1197769 and 238.
17
Calculate the greatest common divisor of 11594 and 84898.
374
What is the highest common divisor of 58790 and 90?
10
Calculate the greatest common factor of 5322 and 192.
6
Calculate the greatest common divisor of 173241 and 9.
9
What is the highest common divisor of 65377 and 47?
47
Calculate the highest common factor of 71936 and 768.
256
Calculate the greatest common factor of 420682 and 782.
34
What is the greatest common divisor of 3933 and 734229?
207
What is the greatest common factor of 94269 and 84?
21
What is the highest common divisor of 5142207 and 98?
49
Calculate the greatest common divisor of 39552 and 864.
96
Calculate the greatest common divisor of 4672 and 1056.
32
Calculate the highest common factor of 73320 and 8346.
78
What is the highest common divisor of 25750 and 1442?
206
Calculate the highest common divisor of 4032 and 693.
63
What is the highest common factor of 1008 and 1533?
21
Calculate the greatest common divisor of 75 and 42855.
15
What is the highest common factor of 5826 and 24?
6
Calculate the highest common factor of 6489 and 693087.
309
What is the greatest common factor of 1302 and 1659?
21
What is the greatest common factor of 69684 and 324?
12
What is the greatest common factor of 68010 and 60?
30
Calculate the greatest common factor of 414399 and 705.
141
Calculate the greatest common divisor of 732 and 192.
12
Calculate the highest common divisor of 2720 and 18140.
20
Calculate the highest common divisor of 60032 and 19363.
67
Calculate the greatest common divisor of 497115 and 45.
45
What is the greatest common divisor of 594 and 38772?
54
Calculate the highest common divisor of 588125 and 625.
625
Calculate the greatest common factor of 13067 and 1432.
179
What is the greatest common divisor of 174796 and 10502?
178
Calculate the greatest common factor of 159328 and 156.
52
What is the highest common divisor of 2304 and 776?
8
Calculate the highest common divisor of 133 and 5362.
7
What is the highest common factor of 64 and 434864?
16
What is the greatest common divisor of 81180 and 1460?
20
What is the highest common divisor of 896 and 2276?
4
Calculate the highest common divisor of 18067200 and 50.
50
Calculate the greatest common factor of 152428 and 106.
106
Calculate the greatest common factor of 2314 and 44460.
26
Calculate the greatest common factor of 1426 and 68057.
23
Calculate the highest common factor of 589 and 39919.
19
What is the highest common divisor of 1884 and 1536?
12
Calculate the highest common factor of 332